Is 1187217349 a prime number?
False
Is 857947703 a prime number?
True
Is 1017991883 a prime number?
True
Is 274929357 composite?
True
Is 264342062 prime?
False
Is 31605847037 prime?
False
Is 57769015697 composite?
False
Is 11115690067 a composite number?
False
Is 5394798197 a composite number?
False
Is 4358143879 composite?
False
Is 25518761483 a composite number?
True
Is 4424241377 composite?
True
Is 15147267139 prime?
False
Is 5822930231 prime?
False
Is 10450535567 a composite number?
False
Is 2998811869 composite?
False
Is 1372696547 a composite number?
True
Is 451638127 prime?
True
Is 39559473973 prime?
True
Is 17336087503 a composite number?
True
Is 2273309629 a prime number?
True
Is 8101294399 a composite number?
True
Is 206154237287 a prime number?
False
Is 480890989 composite?
False
Is 11454122081 a composite number?
False
Is 1261719731 prime?
True
Is 13463239 prime?
True
Is 1490400745 a composite number?
True
Is 8798265227 composite?
False
Is 558715583 a composite number?
False
Is 6323809 a prime number?
False
Is 1329151043 composite?
True
Is 122550331951 prime?
True
Is 10315243951 prime?
True
Is 3665962631 a composite number?
True
Is 1132078853 a composite number?
False
Is 139853824153 a composite number?
True
Is 134501453 prime?
False
Is 1306978301 composite?
False
Is 73336571327 a composite number?
True
Is 1836152947 composite?
True
Is 4175786233 a composite number?
True
Is 3260142031 prime?
False
Is 10896707521 a prime number?
False
Is 6520933061 a prime number?
True
Is 31864750799 composite?
True
Is 108198613103 prime?
False
Is 49818556471 prime?
True
Is 249166957561 composite?
False
Is 1680356527 prime?
True
Is 103746171 a composite number?
True
Is 958042003 a prime number?
True
Is 486611197 a composite number?
True
Is 5181640619 prime?
True
Is 819871091 composite?
True
Is 279836377 composite?
True
Is 24713922371 a composite number?
True
Is 15905843627 prime?
True
Is 2180612011 composite?
False
Is 244764668149 a composite number?
False
Is 5321327969 composite?
False
Is 310756420209 composite?
True
Is 67525063 composite?
True
Is 158145949729 composite?
True
Is 2027016419 prime?
True
Is 65599393 prime?
True
Is 689053093 composite?
True
Is 1039199711 a prime number?
False
Is 1145955359 a composite number?
True
Is 23808872267 prime?
True
Is 582098389 a composite number?
True
Is 694336121 prime?
False
Is 59772061417 composite?
True
Is 6936444781 composite?
True
Is 43021249 a composite number?
False
Is 6024085139 prime?
True
Is 83456175911 a composite number?
False
Is 3002143663 a prime number?
True
Is 3436437671 prime?
True
Is 338484733 composite?
False
Is 4850712437 a composite number?
False
Is 19980842689 composite?
True
Is 1154407517 prime?
True
Is 182220562 a composite number?
True
Is 473461783 a composite number?
True
Is 2023706263 a composite number?
True
Is 13877901665 a prime number?
False
Is 141933767 a prime number?
True
Is 7692249931 a prime number?
False
Is 1845500849 a prime number?
False
Is 668883701 a composite number?
False
Is 3472013627 a prime number?
True
Is 8464127774 prime?
False
Is 49787996483 composite?
False
Is 148147271 prime?
False
Is 13149090821 a composite number?
True
Is 987036461 composite?
False
Is 8906980123 a prime number?
True
Is 37781971 a prime number?
True
Is 56547697069 a prime number?
False
Is 6670286321 a prime number?
True
Is 915124117 prime?
True
Is 387882961 a composite number?
True
Is 110663478827 a prime number?
False
Is 4349915291 composite?
True
Is 452733731 a composite number?
False
Is 584302951 composite?
False
Is 10786476343 a composite number?
True
Is 17038540427 a prime number?
True
Is 1707659267 prime?
True
Is 38886127367 a prime number?
False
Is 1525491029 a composite number?
False
Is 452771687 a prime number?
True
Is 375562021 composite?
False
Is 5404204189 a composite number?
True
Is 2056665713 a prime number?
True
Is 138879674879 a prime number?
False
Is 105984518587 prime?
True
Is 29754957857 a composite number?
False
Is 1582811597 prime?
True
Is 1538128538 composite?
True
Is 6005981677 prime?
False
Is 1906922959 a composite number?
True
Is 271056917 composite?
True
Is 9899032973 a composite number?
True
Is 2551330367 composite?
False
Is 1466315419 a composite number?
True
Is 855796531 a composite number?
False
Is 12108286049 a composite number?
True
Is 55262221127 a composite number?
False
Is 11415785053 composite?
False
Is 35372715977 prime?
True
Is 257264459 prime?
True
Is 112794063883 prime?
True
Is 57145333351 a prime number?
True
Is 17267186971 composite?
True
Is 920333563 composite?
True
Is 1157568287 a composite number?
False
Is 4232171921 composite?
True
Is 3644071426 a prime number?
False
Is 35140749443 a composite number?
True
Is 5392500017 a prime number?
False
Is 2364451669 prime?
False
Is 728722549 prime?
False
Is 15353135639 prime?
False
Is 336185011 a prime number?
False
Is 231491933 a prime number?
True
Is 196205887 a prime number?
True
Is 4666481279 a composite number?
True
Is 5262978187 prime?
False
Is 8128171391 a composite number?
True
Is 67640280577 prime?
False
Is 4633102255 a prime number?
False
Is 179113771 a prime number?
True
Is 2278124503 composite?
True
Is 765874139 composite?
False
Is 57683759 prime?
False
Is 6631255967 a prime number?
False
Is 3608626513 a composite number?
True
Is 1006633079 a composite number?
True
Is 2189845927 a prime number?
True
Is 1893459923 a composite number?
False
Is 35512736513 a composite number?
False
Is 2797234763 a composite number?
False
Is 9321988498 a prime number?
False
Is 1908914069 composite?
False
Is 511439111 prime?
False
Is 1588636601 composite?
False
Is 2186401733 prime?
False
Is 71528691341 composite?
True
Is 343262144723 a prime number?
False
Is 47581418267 a composite number?
True
Is 18144420337 a composite number?
False
Is 275879647 composite?
True
Is 4853752647 a composite number?
True
Is 27638251 composite?
False
Is 49416785471 composite?
False
Is 26322884281 composite?
False
Is 261253381 a composite number?
True
Is 200605981747 prime?
True
Is 23811812359 composite?
False
Is 67648943 a composite number?
False
Is 3968617073 prime?
True
Is 13527181 prime?
True
Is 7065488299 prime?
False
Is 797720837 a prime number?
True
Is 141303827 a composite number?
True
Is 30120524809 prime?
False
Is 9985634797 a prime number?
True
Is 30937346519 composite?
True
Is 894648257 composite?
False
Is 94114509631 a prime number?
False
Is 428681941 prime?
False
Is 405439897 a prime number?
False
Is 48711759 prime?
False
Is 20405340341 composite?
False
Is 3276396769 composite?
True
Is 216250406357 a prime number?
True
Is 57553049471 a prime number?
True
Is 5075039503 a prime number?
True
Is 6084660581 a prime number?
False
Is 4100397221 a composite number?
True
Is 18017476651 a composite number?
False
Is 62199737 a prime number?
True
Is 32248188677 prime?
True
Is 5472003599 prime?
True
Is 73763273 a composite number?
False
Is 126328484539 a composite number?
True
Is 10195284097 a composite number?
False
Is 134883911 prime?
True
Is 5176495271 composite?
True
Is 5167067533 composite?
True
Is 2150869285 a prime number?
False
Is 80914859 prime?
True
Is 13197352885 composite?
True
Is 83042837389 a composite number?
False
Is 29000551883 prime?
False
Is 1220893859 composite?
True
Is 2176484341 composite?
False
Is 24248077351 prime?
True
Is 46591933 prime?
False
Is 14856776367 composite?
True
Is 1731890819 composite?
True
Is 82304999593 prime?
False
Is 11947179089 a prime number?
True
Is 7263445349 a prime number?
True
Is 8852609641 a composite number?
False
Is 819534167 a prime number?
True
Is 730033709 a composite number?
True
Is 560946658 prime?
False
Is 3159677 prime?
True
Is 228991676239 a prime number?
False
Is 53846501 composite?
True
Is 20907988653 composite?
True
Is 167808749 a prime number?
True
Is 16516784737 a prime number?
True
Is 139874851 a prime number?
True
Is 1076639743 a prime number?
False
Is 435933854 prime?
False
Is 22036469537 a composite number?
True
Is 7027391081 a composite number?
True
Is 4777197259 prime?
True
Is 927164519 a prime number?
False
Is 6558981067 a composite number?
True
Is 1740851417 prime?
True
Is 44517354226 a composite number?
True
Is 48726605 a composite number?
True
Is 4275082523 